{"id":2360,"date":"2020-10-15T14:26:33","date_gmt":"2020-10-15T11:26:33","guid":{"rendered":"http:\/\/localhost\/wordpress\/?page_id=2360"},"modified":"2023-05-18T18:56:17","modified_gmt":"2023-05-18T15:56:17","slug":"akademi-outsourcing","status":"publish","type":"page","link":"https:\/\/www.yuksekbilgili.com\/wordpress\/akademi-outsourcing\/","title":{"rendered":"Akademi Outsourcing"},"content":{"rendered":"<div id=\"pl-gb2360-69f70e64701fc\"  class=\"panel-layout\" ><div id=\"pg-gb2360-69f70e64701fc-0\"  class=\"panel-grid panel-no-style\" ><div id=\"pgc-gb2360-69f70e64701fc-0-0\"  class=\"panel-grid-cell\" ><div id=\"panel-gb2360-69f70e64701fc-0-0-0\" class=\"so-panel widget widget_sow-headline panel-first-child\" data-index=\"0\" ><div\n\t\t\t\n\t\t\tclass=\"so-widget-sow-headline so-widget-sow-headline-default-04500a3056ef-2360\"\n\t\t\t\n\t\t><div class=\"sow-headline-container \">\n\t<h1 class='sow-headline'>Akademi Outsourcing<\/h1>\t\t\t\t\t<div class=\"decoration\">\n\t\t\t\t\t\t<div class=\"decoration-inside\"><\/div>\n\t\t\t\t\t<\/div>\n\t\t\t\t\t<\/div><\/div><\/div><div id=\"panel-gb2360-69f70e64701fc-0-0-1\" class=\"so-panel widget widget_siteorigin-panels-builder\" data-index=\"1\" ><div id=\"pl-w6109425f441a1\"  class=\"panel-layout\" ><div id=\"pg-w6109425f441a1-0\"  class=\"panel-grid panel-no-style\" ><div id=\"pgc-w6109425f441a1-0-0\"  class=\"panel-grid-cell\" ><div id=\"panel-w6109425f441a1-0-0-0\" class=\"so-panel widget widget_media_image panel-first-child panel-last-child\" data-index=\"0\" ><div class=\"panel-widget-style panel-widget-style-for-w6109425f441a1-0-0-0\" ><img width=\"600\" height=\"480\" src=\"https:\/\/i0.wp.com\/www.yuksekbilgili.com\/wordpress\/wp-content\/uploads\/2021\/07\/akademi-outsourcing-20210708.jpg?fit=600%2C480&amp;ssl=1\" class=\"image wp-image-14805  attachment-full size-full\" alt=\"\" decoding=\"async\" style=\"max-width: 100%; height: auto;\" srcset=\"https:\/\/i0.wp.com\/www.yuksekbilgili.com\/wordpress\/wp-content\/uploads\/2021\/07\/akademi-outsourcing-20210708.jpg?w=600&amp;ssl=1 600w, https:\/\/i0.wp.com\/www.yuksekbilgili.com\/wordpress\/wp-content\/uploads\/2021\/07\/akademi-outsourcing-20210708.jpg?resize=300%2C240&amp;ssl=1 300w\" sizes=\"(max-width: 600px) 100vw, 600px\" \/><\/div><\/div><\/div><div id=\"pgc-w6109425f441a1-0-1\"  class=\"panel-grid-cell\" ><div id=\"panel-w6109425f441a1-0-1-0\" class=\"so-panel widget widget_text panel-first-child panel-last-child\" data-index=\"1\" >\t\t\t<div class=\"textwidget\"><p style=\"text-align: justify;\">Kurumunuz i\u00e7in yapaca\u011f\u0131n\u0131z e\u011fitim yat\u0131r\u0131mlar\u0131n\u0131n geri d\u00f6n\u00fc\u015f\u00fcn\u00fc (ROI) almak i\u00e7in e\u011fitim ve geli\u015fim s\u00fcre\u00e7lerinizin verimlili\u011fe uygun yap\u0131land\u0131r\u0131lm\u0131\u015f olmas\u0131 gerekir. \u00c7\u00fcnk\u00fc iyi yap\u0131land\u0131r\u0131lm\u0131\u015f e\u011fitim s\u00fcre\u00e7leri, \u00e7al\u0131\u015fanlar\u0131n (ve dolay\u0131s\u0131yla), organizasyonun verimlili\u011fini artt\u0131r\u0131r. E\u011fitim ve geli\u015fim s\u00fcre\u00e7lerinin en verimli \u015fekilde y\u00fcr\u00fctebilmesi, verimlili\u011fin ve s\u00fcrd\u00fcr\u00fclebilirli\u011fin sa\u011flanmas\u0131 i\u00e7in kurumsal akademi yap\u0131s\u0131 kurulmas\u0131 gerekmektedir.<\/p>\n<\/div>\n\t\t<\/div><\/div><\/div><\/div><\/div><div id=\"panel-gb2360-69f70e64701fc-0-0-2\" class=\"so-panel widget widget_text panel-last-child\" data-index=\"2\" ><div class=\"panel-widget-style panel-widget-style-for-gb2360-69f70e64701fc-0-0-2\" >\t\t\t<div class=\"textwidget\"><p><strong><u>Nedir?<\/u><\/strong><\/p>\n<p style=\"text-align: justify;\">\u0130nsan Kaynaklar\u0131n\u0131n e\u011fitim ve geli\u015fim ile ilgili t\u00fcm i\u015f y\u00fck\u00fcn\u00fc \u00fcstlenilmesi, \u00f6zellikle atanm\u0131\u015f nitelikli \u00e7al\u0131\u015fan ihtiyac\u0131n\u0131n ortadan kald\u0131r\u0131lmas\u0131 ve t\u00fcm s\u00fcrecin uzman(lar) taraf\u0131ndan y\u00f6netilmesidir.<\/p>\n<p><strong><u>Neden?<\/u><\/strong><\/p>\n<p style=\"text-align: justify;\">Bir akademi kurmak i\u00e7in alan\u0131nda tecr\u00fcbeli (kurulu\u015fun b\u00fcy\u00fckl\u00fc\u011f\u00fcne g\u00f6re de\u011fi\u015fmek \u00fczere), online ve dijital s\u00fcre\u00e7lere de hakim en az iki \u00e7al\u0131\u015fan\u0131n bu s\u00fcre\u00e7lere i\u015f g\u00fcc\u00fc olarak dahil olmas\u0131 veya istihdam edilmesi gerekmektedir. Mevcut i\u015f g\u00fcc\u00fc kapsam\u0131nda \u0130K veya e\u011fitim profesyonellerinin akademi kurma ve y\u00f6netme s\u00fcre\u00e7lerinden de sorumlu olmas\u0131 ise hali haz\u0131rda i\u015f y\u00fcklerini a\u011f\u0131rla\u015ft\u0131racakt\u0131r.\u00a0 \u0130stihdam yoluna gidilmesi durumunda ise bu konuda yeti\u015fmi\u015f ve tecr\u00fcbeli ki\u015filerin \u00fclkemizde az say\u0131da olmalar\u0131 sebebiyle i\u015fletmenin i\u015fveren maliyetini art\u0131racakt\u0131r. Bu s\u00fcre\u00e7te d\u0131\u015f kaynak kullan\u0131m\u0131 fayda maliyet oran\u0131n\u0131 maksimum d\u00fczeye \u00e7\u0131karmaktad\u0131r.<\/p>\n<p><strong><u>Nas\u0131l?<\/u><\/strong><\/p>\n<p style=\"text-align: justify;\">Kurumun yetkinlikleri, de\u011ferleri, misyon ve vizyonu oda\u011f\u0131nda performans ve yetenek y\u00f6netimi sistemlerine hizmet eden entegre bir s\u00fcre\u00e7 tasarl\u0131yoruz.<\/p>\n<ol style=\"padding-bottom: 20px;\">\n<li>360<sup>0<\/sup> E\u011fitim \u0130htiya\u00e7 Analizi<\/li>\n<li>E\u011fitim \/ Yetkinlik Matrisi Tasar\u0131m\u0131<\/li>\n<li>E\u011fitim Planlamas\u0131<\/li>\n<li>E\u011fitim \u2013 Tedarik\u00e7i \u0130li\u015fkileri<\/li>\n<li>E\u011fitim Y\u00f6netimi<\/li>\n<li>Ki\u015fisel E\u011fitim Dosyalar\u0131 Haz\u0131rl\u0131k \/ G\u00fcncelleme<\/li>\n<li>S\u00fcre\u00e7 Raporlamas\u0131<\/li>\n<\/ol>\n<p><strong><u>Kim?<\/u><\/strong><\/p>\n<p style=\"text-align: justify;\">Y\u00fcksekbilgili E\u011fitim ve Dan\u0131\u015fmanl\u0131k olarak alanlar\u0131nda profesyonel, e\u011fitim ve geli\u015fim s\u00fcre\u00e7lerinin geli\u015ftirilmesi, akademi yap\u0131lar\u0131n\u0131n olu\u015fturulmas\u0131 s\u00fcrecinde deneyimli, dijitalle\u015fmeyi optimum d\u00fczeyde uygulayan 10 ile 25 y\u0131l aras\u0131nda deneyimli dan\u0131\u015fmanlar ile Akademi\u2019nizi olu\u015fturuyor ve y\u00fcr\u00fct\u00fclmesi a\u015famas\u0131nda tam kapsaml\u0131 destek veriyoruz.<\/p>\n<\/div>\n\t\t<\/div><\/div><\/div><div id=\"pgc-gb2360-69f70e64701fc-0-1\"  class=\"panel-grid-cell\" ><div class=\"panel-cell-style panel-cell-style-for-gb2360-69f70e64701fc-0-1\" ><div id=\"panel-gb2360-69f70e64701fc-0-1-0\" class=\"so-panel widget widget_sow-headline panel-first-child\" data-index=\"3\" ><div class=\"panel-widget-style panel-widget-style-for-gb2360-69f70e64701fc-0-1-0\" ><div\n\t\t\t\n\t\t\tclass=\"so-widget-sow-headline so-widget-sow-headline-default-10fa9b5827dd-2360\"\n\t\t\t\n\t\t><div class=\"sow-headline-container \">\n\t<h1 class='sow-headline'>Benzer Sayfalar<\/h1>\t\t\t\t\t<div class=\"decoration\">\n\t\t\t\t\t\t<div class=\"decoration-inside\"><\/div>\n\t\t\t\t\t<\/div>\n\t\t\t\t\t<\/div><\/div><\/div><\/div><div id=\"panel-gb2360-69f70e64701fc-0-1-1\" class=\"so-panel widget widget_text\" data-index=\"4\" ><div class=\"panel-widget-style panel-widget-style-for-gb2360-69f70e64701fc-0-1-1\" >\t\t\t<div class=\"textwidget\"><p><strong>Online Etkinlik Y\u00f6netimi<\/strong><br \/>\n<span style=\"font-size: 0.8em;\">Kurulu\u015flar\u0131n \u00e7al\u0131\u015fanlar\u0131yla, bayileriyle, potansiyel ve mevcut m\u00fc\u015fterileriyle Covid 19 \u00f6ncesinde fiziki ortamda bir araya geldikleri toplant\u0131lar\u0131, tan\u0131t\u0131mlar\u0131, konferanslar\u0131 ve seminerleri vb. t\u00fcm etkinlikleri online ortamda da ger\u00e7ekle\u015ftirmelerini sa\u011flad\u0131\u011f\u0131m\u0131z \u00e7oklu kanall\u0131 bir hizmet kategorimizdir.<br \/>\n<a href=\"https:\/\/www.yuksekbilgili.com\/wordpress\/online-etkinlik-yonetimi\/\">Detayl\u0131 bilgi &gt;&gt;<\/a><\/span><\/p>\n<\/div>\n\t\t<\/div><\/div><div id=\"panel-gb2360-69f70e64701fc-0-1-2\" class=\"so-panel widget widget_text\" data-index=\"5\" ><div class=\"panel-widget-style panel-widget-style-for-gb2360-69f70e64701fc-0-1-2\" >\t\t\t<div class=\"textwidget\"><p><strong>Kurum \u0130\u00e7i (Kurumsal) E\u011fitimler<\/strong><br \/>\n<span style=\"font-size: 0.8em;\">2000 saatin \u00fczerinde online (canl\u0131) e\u011fitim ve video e\u011fitimlerden edindi\u011fimiz tecr\u00fcbeyi, 100&#8217;lerce kurulu\u015fla ger\u00e7ekle\u015ftirdi\u011fimiz e\u011fitimlerimize ve t\u00fcm e\u011fitim ba\u015fl\u0131klar\u0131m\u0131za bu sayfadan ula\u015fabilirsiniz.<br \/>\n<a href=\"https:\/\/www.yuksekbilgili.com\/wordpress\/kurum-ici-kurumsal-egitimler\/\">Detayl\u0131 bilgi &gt;&gt;<\/a><\/span><\/p>\n<\/div>\n\t\t<\/div><\/div><div id=\"panel-gb2360-69f70e64701fc-0-1-3\" class=\"so-panel widget widget_text panel-last-child\" data-index=\"6\" ><div class=\"panel-widget-style panel-widget-style-for-gb2360-69f70e64701fc-0-1-3\" >\t\t\t<div class=\"textwidget\"><p><strong>\u0130leti\u015fim<\/strong><\/p>\n<p><a href=\"mailto:info@yuksekbilgili.com\">info@yuksekbilgili.com<\/a><br \/>\n0552 899 25 45<\/p>\n<\/div>\n\t\t<\/div><\/div><\/div><\/div><\/div><\/div>","protected":false},"excerpt":{"rendered":"<p>Nedir? \u0130nsan Kaynaklar\u0131n\u0131n e\u011fitim ve geli\u015fim ile ilgili t\u00fcm i\u015f y\u00fck\u00fcn\u00fc \u00fcstlenilmesi, \u00f6zellikle atanm\u0131\u015f nitelikli \u00e7al\u0131\u015fan ihtiyac\u0131n\u0131n ortadan kald\u0131r\u0131lmas\u0131 ve t\u00fcm s\u00fcrecin uzman(lar) taraf\u0131ndan y\u00f6netilmesidir. Neden? Bir akademi kurmak i\u00e7in alan\u0131nda tecr\u00fcbeli (kurulu\u015fun b\u00fcy\u00fckl\u00fc\u011f\u00fcne g\u00f6re de\u011fi\u015fmek \u00fczere), online ve dijital s\u00fcre\u00e7lere de hakim en az iki \u00e7al\u0131\u015fan\u0131n bu s\u00fcre\u00e7lere i\u015f g\u00fcc\u00fc olarak dahil olmas\u0131 veya&hellip;&nbsp;<a href=\"https:\/\/www.yuksekbilgili.com\/wordpress\/akademi-outsourcing\/\" class=\"\" rel=\"bookmark\">Daha fazlas\u0131n\u0131 oku &raquo;<span class=\"screen-reader-text\">Akademi Outsourcing<\/span><\/a><\/p>\n","protected":false},"author":1,"featured_media":0,"parent":0,"menu_order":0,"comment_status":"closed","ping_status":"closed","template":"","meta":{"content-type":"","neve_meta_sidebar":"default","neve_meta_container":"contained","neve_meta_enable_content_width":"on","neve_meta_content_width":100,"neve_meta_title_alignment":"","neve_meta_author_avatar":"","neve_post_elements_order":"","neve_meta_disable_header":"","neve_meta_disable_footer":"","neve_meta_disable_title":"on","_ti_tpc_template_sync":false,"_ti_tpc_template_id":""},"categories":[],"tags":[],"yoast_head":"<!-- This site is optimized with the Yoast SEO plugin v20.3 - https:\/\/yoast.com\/wordpress\/plugins\/seo\/ -->\n<title>Akademi Outsourcing - Y\u00fcksekbilgili E\u011fitim ve Dan\u0131\u015fmanl\u0131k<\/title>\n<meta name=\"description\" content=\"Organizasyonunuzun her bir bireyine e\u011fitim ve geli\u015fim s\u00fcrecindeki u\u00e7tan uca, e\u011fitim \u00f6ncesi ve sonras\u0131n\u0131 da kapsayan b\u00fct\u00fcnle\u015fik bir \u00f6\u011frenme deneyiminden faydalanabilirsiniz.\" \/>\n<meta name=\"robots\" content=\"index, follow, max-snippet:-1, max-image-preview:large, max-video-preview:-1\" \/>\n<link rel=\"canonical\" href=\"https:\/\/www.yuksekbilgili.com\/wordpress\/akademi-outsourcing\/\" \/>\n<meta property=\"og:locale\" content=\"tr_TR\" \/>\n<meta property=\"og:type\" content=\"article\" \/>\n<meta property=\"og:title\" content=\"Akademi Outsourcing - Y\u00fcksekbilgili E\u011fitim ve Dan\u0131\u015fmanl\u0131k\" \/>\n<meta property=\"og:description\" content=\"Organizasyonunuzun her bir bireyine e\u011fitim ve geli\u015fim s\u00fcrecindeki u\u00e7tan uca, e\u011fitim \u00f6ncesi ve sonras\u0131n\u0131 da kapsayan b\u00fct\u00fcnle\u015fik bir \u00f6\u011frenme deneyiminden faydalanabilirsiniz.\" \/>\n<meta property=\"og:url\" content=\"https:\/\/www.yuksekbilgili.com\/wordpress\/akademi-outsourcing\/\" \/>\n<meta property=\"og:site_name\" content=\"Y\u00fcksekbilgili E\u011fitim ve Dan\u0131\u015fmanl\u0131k\" \/>\n<meta property=\"article:publisher\" content=\"https:\/\/facebook.com\/yuksekbilgiliegitim\" \/>\n<meta property=\"article:modified_time\" content=\"2023-05-18T15:56:17+00:00\" \/>\n<meta property=\"og:image\" content=\"https:\/\/www.yuksekbilgili.com\/wordpress\/wp-content\/uploads\/2021\/07\/akademi-outsourcing-20210708.jpg\" \/>\n<meta name=\"twitter:card\" content=\"summary_large_image\" \/>\n<meta name=\"twitter:label1\" content=\"Tahmini okuma s\u00fcresi\" \/>\n\t<meta name=\"twitter:data1\" content=\"3 dakika\" \/>\n<script type=\"application\/ld+json\" class=\"yoast-schema-graph\">{\"@context\":\"https:\/\/schema.org\",\"@graph\":[{\"@type\":\"WebPage\",\"@id\":\"https:\/\/www.yuksekbilgili.com\/wordpress\/akademi-outsourcing\/\",\"url\":\"https:\/\/www.yuksekbilgili.com\/wordpress\/akademi-outsourcing\/\",\"name\":\"Akademi Outsourcing - Y\u00fcksekbilgili E\u011fitim ve Dan\u0131\u015fmanl\u0131k\",\"isPartOf\":{\"@id\":\"https:\/\/www.yuksekbilgili.com\/wordpress\/#website\"},\"datePublished\":\"2020-10-15T11:26:33+00:00\",\"dateModified\":\"2023-05-18T15:56:17+00:00\",\"description\":\"Organizasyonunuzun her bir bireyine e\u011fitim ve geli\u015fim s\u00fcrecindeki u\u00e7tan uca, e\u011fitim \u00f6ncesi ve sonras\u0131n\u0131 da kapsayan b\u00fct\u00fcnle\u015fik bir \u00f6\u011frenme deneyiminden faydalanabilirsiniz.\",\"breadcrumb\":{\"@id\":\"https:\/\/www.yuksekbilgili.com\/wordpress\/akademi-outsourcing\/#breadcrumb\"},\"inLanguage\":\"tr\",\"potentialAction\":[{\"@type\":\"ReadAction\",\"target\":[\"https:\/\/www.yuksekbilgili.com\/wordpress\/akademi-outsourcing\/\"]}]},{\"@type\":\"BreadcrumbList\",\"@id\":\"https:\/\/www.yuksekbilgili.com\/wordpress\/akademi-outsourcing\/#breadcrumb\",\"itemListElement\":[{\"@type\":\"ListItem\",\"position\":1,\"name\":\"Ana sayfa\",\"item\":\"https:\/\/www.yuksekbilgili.com\/wordpress\/\"},{\"@type\":\"ListItem\",\"position\":2,\"name\":\"Akademi Outsourcing\"}]},{\"@type\":\"WebSite\",\"@id\":\"https:\/\/www.yuksekbilgili.com\/wordpress\/#website\",\"url\":\"https:\/\/www.yuksekbilgili.com\/wordpress\/\",\"name\":\"Y\u00fcksekbilgili E\u011fitim ve Dan\u0131\u015fmanl\u0131k\",\"description\":\"\u00d6\u011frenme Deneyimi \u00c7\u00f6z\u00fcmleri\",\"publisher\":{\"@id\":\"https:\/\/www.yuksekbilgili.com\/wordpress\/#organization\"},\"potentialAction\":[{\"@type\":\"SearchAction\",\"target\":{\"@type\":\"EntryPoint\",\"urlTemplate\":\"https:\/\/www.yuksekbilgili.com\/wordpress\/?s={search_term_string}\"},\"query-input\":\"required name=search_term_string\"}],\"inLanguage\":\"tr\"},{\"@type\":\"Organization\",\"@id\":\"https:\/\/www.yuksekbilgili.com\/wordpress\/#organization\",\"name\":\"Y\u00fcksekbilgili E\u011fitim ve Dan\u0131\u015fmanl\u0131k Ltd. \u015eti.\",\"url\":\"https:\/\/www.yuksekbilgili.com\/wordpress\/\",\"logo\":{\"@type\":\"ImageObject\",\"inLanguage\":\"tr\",\"@id\":\"https:\/\/www.yuksekbilgili.com\/wordpress\/#\/schema\/logo\/image\/\",\"url\":\"https:\/\/www.yuksekbilgili.com\/wordpress\/wp-content\/uploads\/2020\/11\/yuksekbilgili-logo.png\",\"contentUrl\":\"https:\/\/www.yuksekbilgili.com\/wordpress\/wp-content\/uploads\/2020\/11\/yuksekbilgili-logo.png\",\"width\":3250,\"height\":1000,\"caption\":\"Y\u00fcksekbilgili E\u011fitim ve Dan\u0131\u015fmanl\u0131k Ltd. \u015eti.\"},\"image\":{\"@id\":\"https:\/\/www.yuksekbilgili.com\/wordpress\/#\/schema\/logo\/image\/\"},\"sameAs\":[\"https:\/\/facebook.com\/yuksekbilgiliegitim\",\"https:\/\/www.instagram.com\/yuksekbilgiliegitim\/\",\"http:\/\/www.linkedin.com\/company\/yuksekbilgili\",\"https:\/\/www.youtube.com\/channel\/UCsa2vf8uO-zuLGidbJ6ocZg\"]}]}<\/script>\n<!-- \/ Yoast SEO plugin. -->","yoast_head_json":{"title":"Akademi Outsourcing - Y\u00fcksekbilgili E\u011fitim ve Dan\u0131\u015fmanl\u0131k","description":"Organizasyonunuzun her bir bireyine e\u011fitim ve geli\u015fim s\u00fcrecindeki u\u00e7tan uca, e\u011fitim \u00f6ncesi ve sonras\u0131n\u0131 da kapsayan b\u00fct\u00fcnle\u015fik bir \u00f6\u011frenme deneyiminden faydalanabilirsiniz.","robots":{"index":"index","follow":"follow","max-snippet":"max-snippet:-1","max-image-preview":"max-image-preview:large","max-video-preview":"max-video-preview:-1"},"canonical":"https:\/\/www.yuksekbilgili.com\/wordpress\/akademi-outsourcing\/","og_locale":"tr_TR","og_type":"article","og_title":"Akademi Outsourcing - Y\u00fcksekbilgili E\u011fitim ve Dan\u0131\u015fmanl\u0131k","og_description":"Organizasyonunuzun her bir bireyine e\u011fitim ve geli\u015fim s\u00fcrecindeki u\u00e7tan uca, e\u011fitim \u00f6ncesi ve sonras\u0131n\u0131 da kapsayan b\u00fct\u00fcnle\u015fik bir \u00f6\u011frenme deneyiminden faydalanabilirsiniz.","og_url":"https:\/\/www.yuksekbilgili.com\/wordpress\/akademi-outsourcing\/","og_site_name":"Y\u00fcksekbilgili E\u011fitim ve Dan\u0131\u015fmanl\u0131k","article_publisher":"https:\/\/facebook.com\/yuksekbilgiliegitim","article_modified_time":"2023-05-18T15:56:17+00:00","og_image":[{"url":"https:\/\/www.yuksekbilgili.com\/wordpress\/wp-content\/uploads\/2021\/07\/akademi-outsourcing-20210708.jpg"}],"twitter_card":"summary_large_image","twitter_misc":{"Tahmini okuma s\u00fcresi":"3 dakika"},"schema":{"@context":"https:\/\/schema.org","@graph":[{"@type":"WebPage","@id":"https:\/\/www.yuksekbilgili.com\/wordpress\/akademi-outsourcing\/","url":"https:\/\/www.yuksekbilgili.com\/wordpress\/akademi-outsourcing\/","name":"Akademi Outsourcing - Y\u00fcksekbilgili E\u011fitim ve Dan\u0131\u015fmanl\u0131k","isPartOf":{"@id":"https:\/\/www.yuksekbilgili.com\/wordpress\/#website"},"datePublished":"2020-10-15T11:26:33+00:00","dateModified":"2023-05-18T15:56:17+00:00","description":"Organizasyonunuzun her bir bireyine e\u011fitim ve geli\u015fim s\u00fcrecindeki u\u00e7tan uca, e\u011fitim \u00f6ncesi ve sonras\u0131n\u0131 da kapsayan b\u00fct\u00fcnle\u015fik bir \u00f6\u011frenme deneyiminden faydalanabilirsiniz.","breadcrumb":{"@id":"https:\/\/www.yuksekbilgili.com\/wordpress\/akademi-outsourcing\/#breadcrumb"},"inLanguage":"tr","potentialAction":[{"@type":"ReadAction","target":["https:\/\/www.yuksekbilgili.com\/wordpress\/akademi-outsourcing\/"]}]},{"@type":"BreadcrumbList","@id":"https:\/\/www.yuksekbilgili.com\/wordpress\/akademi-outsourcing\/#breadcrumb","itemListElement":[{"@type":"ListItem","position":1,"name":"Ana sayfa","item":"https:\/\/www.yuksekbilgili.com\/wordpress\/"},{"@type":"ListItem","position":2,"name":"Akademi Outsourcing"}]},{"@type":"WebSite","@id":"https:\/\/www.yuksekbilgili.com\/wordpress\/#website","url":"https:\/\/www.yuksekbilgili.com\/wordpress\/","name":"Y\u00fcksekbilgili E\u011fitim ve Dan\u0131\u015fmanl\u0131k","description":"\u00d6\u011frenme Deneyimi \u00c7\u00f6z\u00fcmleri","publisher":{"@id":"https:\/\/www.yuksekbilgili.com\/wordpress\/#organization"},"potentialAction":[{"@type":"SearchAction","target":{"@type":"EntryPoint","urlTemplate":"https:\/\/www.yuksekbilgili.com\/wordpress\/?s={search_term_string}"},"query-input":"required name=search_term_string"}],"inLanguage":"tr"},{"@type":"Organization","@id":"https:\/\/www.yuksekbilgili.com\/wordpress\/#organization","name":"Y\u00fcksekbilgili E\u011fitim ve Dan\u0131\u015fmanl\u0131k Ltd. \u015eti.","url":"https:\/\/www.yuksekbilgili.com\/wordpress\/","logo":{"@type":"ImageObject","inLanguage":"tr","@id":"https:\/\/www.yuksekbilgili.com\/wordpress\/#\/schema\/logo\/image\/","url":"https:\/\/www.yuksekbilgili.com\/wordpress\/wp-content\/uploads\/2020\/11\/yuksekbilgili-logo.png","contentUrl":"https:\/\/www.yuksekbilgili.com\/wordpress\/wp-content\/uploads\/2020\/11\/yuksekbilgili-logo.png","width":3250,"height":1000,"caption":"Y\u00fcksekbilgili E\u011fitim ve Dan\u0131\u015fmanl\u0131k Ltd. \u015eti."},"image":{"@id":"https:\/\/www.yuksekbilgili.com\/wordpress\/#\/schema\/logo\/image\/"},"sameAs":["https:\/\/facebook.com\/yuksekbilgiliegitim","https:\/\/www.instagram.com\/yuksekbilgiliegitim\/","http:\/\/www.linkedin.com\/company\/yuksekbilgili","https:\/\/www.youtube.com\/channel\/UCsa2vf8uO-zuLGidbJ6ocZg"]}]}},"_links":{"self":[{"href":"https:\/\/www.yuksekbilgili.com\/wordpress\/wp-json\/wp\/v2\/pages\/2360"}],"collection":[{"href":"https:\/\/www.yuksekbilgili.com\/wordpress\/wp-json\/wp\/v2\/pages"}],"about":[{"href":"https:\/\/www.yuksekbilgili.com\/wordpress\/wp-json\/wp\/v2\/types\/page"}],"author":[{"embeddable":true,"href":"https:\/\/www.yuksekbilgili.com\/wordpress\/wp-json\/wp\/v2\/users\/1"}],"replies":[{"embeddable":true,"href":"https:\/\/www.yuksekbilgili.com\/wordpress\/wp-json\/wp\/v2\/comments?post=2360"}],"version-history":[{"count":15,"href":"https:\/\/www.yuksekbilgili.com\/wordpress\/wp-json\/wp\/v2\/pages\/2360\/revisions"}],"predecessor-version":[{"id":20443,"href":"https:\/\/www.yuksekbilgili.com\/wordpress\/wp-json\/wp\/v2\/pages\/2360\/revisions\/20443"}],"wp:attachment":[{"href":"https:\/\/www.yuksekbilgili.com\/wordpress\/wp-json\/wp\/v2\/media?parent=2360"}],"wp:term":[{"taxonomy":"category","embeddable":true,"href":"https:\/\/www.yuksekbilgili.com\/wordpress\/wp-json\/wp\/v2\/categories?post=2360"},{"taxonomy":"post_tag","embeddable":true,"href":"https:\/\/www.yuksekbilgili.com\/wordpress\/wp-json\/wp\/v2\/tags?post=2360"}],"curies":[{"name":"wp","href":"https:\/\/api.w.org\/{rel}","templated":true}]}}